{"id":593,"date":"2023-12-02T13:54:43","date_gmt":"2023-12-02T11:54:43","guid":{"rendered":"https:\/\/bioseklas.lv\/?post_type=product&#038;p=593"},"modified":"2023-12-02T13:54:44","modified_gmt":"2023-12-02T11:54:44","slug":"ziemas-kviesi-edvins-c2-kategorija","status":"publish","type":"product","link":"https:\/\/bioseklas.lv\/?product=ziemas-kviesi-edvins-c2-kategorija","title":{"rendered":"Ziemas kvie\u0161i Edv\u012bns C2 kategorija"},"content":{"rendered":"<p data-sourcepos=\"3:1-3:45\"><strong>Agr\u012bna, ziemciet\u012bga un augstra\u017e\u012bga \u0161\u0137irne<\/strong><\/p>\n<p data-sourcepos=\"5:1-5:248\">Ziemas kvie\u0161i Edv\u012bns C2 ir Latvij\u0101 selekcion\u0113ta akotaina \u0161\u0137irne, kas ir piem\u0113rota gan p\u0101rtikas, gan lopbar\u012bbas ra\u017eo\u0161anai. \u0160\u0137irne ir agr\u012bna, zied\u0113\u0161anas periods ir no 23. l\u012bdz 27. maijam. Ziemciet\u012bba ir laba, t\u0101p\u0113c var audz\u0113t visos Latvijas re\u0123ionos.<\/p>\n<p data-sourcepos=\"17:1-17:136\">\n","protected":false},"excerpt":{"rendered":"<p>Cena par tonnu + PVN<\/p>\n","protected":false},"featured_media":586,"comment_status":"open","ping_status":"closed","template":"","meta":{"_monsterinsights_skip_tracking":false,"_monsterinsights_sitenote_active":false,"_monsterinsights_sitenote_note":"","_monsterinsights_sitenote_category":0},"product_brand":[],"product_cat":[15],"product_tag":[],"class_list":{"0":"post-593","1":"product","2":"type-product","3":"status-publish","4":"has-post-thumbnail","6":"product_cat-uncategorized","8":"first","9":"instock","10":"taxable","11":"shipping-taxable","12":"purchasable","13":"product-type-simple"},"yoast_head":"<!-- This site is optimized with the Yoast SEO plugin v27.3 - https:\/\/yoast.com\/product\/yoast-seo-wordpress\/ -->\n<title>Ziemas kvie\u0161i Edv\u012bns C2 kategorija -<\/title>\n<meta name=\"robots\" content=\"index, follow, max-snippet:-1, max-image-preview:large, max-video-preview:-1\" \/>\n<link rel=\"canonical\" href=\"https:\/\/bioseklas.lv\/?product=ziemas-kviesi-edvins-c2-kategorija\" \/>\n<meta property=\"og:locale\" content=\"lv_LV\" \/>\n<meta property=\"og:type\" content=\"article\" \/>\n<meta property=\"og:title\" content=\"Ziemas kvie\u0161i Edv\u012bns C2 kategorija -\" \/>\n<meta property=\"og:description\" content=\"Cena par tonnu + PVN\" \/>\n<meta property=\"og:url\" content=\"https:\/\/bioseklas.lv\/?product=ziemas-kviesi-edvins-c2-kategorija\" \/>\n<meta property=\"article:modified_time\" content=\"2023-12-02T11:54:44+00:00\" \/>\n<meta property=\"og:image\" content=\"http:\/\/bioseklas.lv\/wp-content\/uploads\/2023\/12\/kviesi.jpg\" \/>\n\t<meta property=\"og:image:width\" content=\"1599\" \/>\n\t<meta property=\"og:image:height\" content=\"1200\" \/>\n\t<meta property=\"og:image:type\" content=\"image\/jpeg\" \/>\n<meta name=\"twitter:card\" content=\"summary_large_image\" \/>\n<script type=\"application\/ld+json\" class=\"yoast-schema-graph\">{\"@context\":\"https:\\\/\\\/schema.org\",\"@graph\":[{\"@type\":\"WebPage\",\"@id\":\"https:\\\/\\\/bioseklas.lv\\\/?product=ziemas-kviesi-edvins-c2-kategorija\",\"url\":\"https:\\\/\\\/bioseklas.lv\\\/?product=ziemas-kviesi-edvins-c2-kategorija\",\"name\":\"Ziemas kvie\u0161i Edv\u012bns C2 kategorija -\",\"isPartOf\":{\"@id\":\"https:\\\/\\\/bioseklas.lv\\\/#website\"},\"primaryImageOfPage\":{\"@id\":\"https:\\\/\\\/bioseklas.lv\\\/?product=ziemas-kviesi-edvins-c2-kategorija#primaryimage\"},\"image\":{\"@id\":\"https:\\\/\\\/bioseklas.lv\\\/?product=ziemas-kviesi-edvins-c2-kategorija#primaryimage\"},\"thumbnailUrl\":\"https:\\\/\\\/bioseklas.lv\\\/wp-content\\\/uploads\\\/2023\\\/12\\\/kviesi.jpg\",\"datePublished\":\"2023-12-02T11:54:43+00:00\",\"dateModified\":\"2023-12-02T11:54:44+00:00\",\"breadcrumb\":{\"@id\":\"https:\\\/\\\/bioseklas.lv\\\/?product=ziemas-kviesi-edvins-c2-kategorija#breadcrumb\"},\"inLanguage\":\"lv-LV\",\"potentialAction\":[{\"@type\":\"ReadAction\",\"target\":[\"https:\\\/\\\/bioseklas.lv\\\/?product=ziemas-kviesi-edvins-c2-kategorija\"]}]},{\"@type\":\"ImageObject\",\"inLanguage\":\"lv-LV\",\"@id\":\"https:\\\/\\\/bioseklas.lv\\\/?product=ziemas-kviesi-edvins-c2-kategorija#primaryimage\",\"url\":\"https:\\\/\\\/bioseklas.lv\\\/wp-content\\\/uploads\\\/2023\\\/12\\\/kviesi.jpg\",\"contentUrl\":\"https:\\\/\\\/bioseklas.lv\\\/wp-content\\\/uploads\\\/2023\\\/12\\\/kviesi.jpg\",\"width\":1599,\"height\":1200},{\"@type\":\"BreadcrumbList\",\"@id\":\"https:\\\/\\\/bioseklas.lv\\\/?product=ziemas-kviesi-edvins-c2-kategorija#breadcrumb\",\"itemListElement\":[{\"@type\":\"ListItem\",\"position\":1,\"name\":\"Home\",\"item\":\"https:\\\/\\\/bioseklas.lv\\\/\"},{\"@type\":\"ListItem\",\"position\":2,\"name\":\"Produkti\",\"item\":\"https:\\\/\\\/bioseklas.lv\\\/?post_type=product\"},{\"@type\":\"ListItem\",\"position\":3,\"name\":\"Ziemas kvie\u0161i Edv\u012bns C2 kategorija\"}]},{\"@type\":\"WebSite\",\"@id\":\"https:\\\/\\\/bioseklas.lv\\\/#website\",\"url\":\"https:\\\/\\\/bioseklas.lv\\\/\",\"name\":\"\",\"description\":\"\",\"potentialAction\":[{\"@type\":\"SearchAction\",\"target\":{\"@type\":\"EntryPoint\",\"urlTemplate\":\"https:\\\/\\\/bioseklas.lv\\\/?s={search_term_string}\"},\"query-input\":{\"@type\":\"PropertyValueSpecification\",\"valueRequired\":true,\"valueName\":\"search_term_string\"}}],\"inLanguage\":\"lv-LV\"}]}<\/script>\n<!-- \/ Yoast SEO plugin. -->","yoast_head_json":{"title":"Ziemas kvie\u0161i Edv\u012bns C2 kategorija -","robots":{"index":"index","follow":"follow","max-snippet":"max-snippet:-1","max-image-preview":"max-image-preview:large","max-video-preview":"max-video-preview:-1"},"canonical":"https:\/\/bioseklas.lv\/?product=ziemas-kviesi-edvins-c2-kategorija","og_locale":"lv_LV","og_type":"article","og_title":"Ziemas kvie\u0161i Edv\u012bns C2 kategorija -","og_description":"Cena par tonnu + PVN","og_url":"https:\/\/bioseklas.lv\/?product=ziemas-kviesi-edvins-c2-kategorija","article_modified_time":"2023-12-02T11:54:44+00:00","og_image":[{"width":1599,"height":1200,"url":"http:\/\/bioseklas.lv\/wp-content\/uploads\/2023\/12\/kviesi.jpg","type":"image\/jpeg"}],"twitter_card":"summary_large_image","schema":{"@context":"https:\/\/schema.org","@graph":[{"@type":"WebPage","@id":"https:\/\/bioseklas.lv\/?product=ziemas-kviesi-edvins-c2-kategorija","url":"https:\/\/bioseklas.lv\/?product=ziemas-kviesi-edvins-c2-kategorija","name":"Ziemas kvie\u0161i Edv\u012bns C2 kategorija -","isPartOf":{"@id":"https:\/\/bioseklas.lv\/#website"},"primaryImageOfPage":{"@id":"https:\/\/bioseklas.lv\/?product=ziemas-kviesi-edvins-c2-kategorija#primaryimage"},"image":{"@id":"https:\/\/bioseklas.lv\/?product=ziemas-kviesi-edvins-c2-kategorija#primaryimage"},"thumbnailUrl":"https:\/\/bioseklas.lv\/wp-content\/uploads\/2023\/12\/kviesi.jpg","datePublished":"2023-12-02T11:54:43+00:00","dateModified":"2023-12-02T11:54:44+00:00","breadcrumb":{"@id":"https:\/\/bioseklas.lv\/?product=ziemas-kviesi-edvins-c2-kategorija#breadcrumb"},"inLanguage":"lv-LV","potentialAction":[{"@type":"ReadAction","target":["https:\/\/bioseklas.lv\/?product=ziemas-kviesi-edvins-c2-kategorija"]}]},{"@type":"ImageObject","inLanguage":"lv-LV","@id":"https:\/\/bioseklas.lv\/?product=ziemas-kviesi-edvins-c2-kategorija#primaryimage","url":"https:\/\/bioseklas.lv\/wp-content\/uploads\/2023\/12\/kviesi.jpg","contentUrl":"https:\/\/bioseklas.lv\/wp-content\/uploads\/2023\/12\/kviesi.jpg","width":1599,"height":1200},{"@type":"BreadcrumbList","@id":"https:\/\/bioseklas.lv\/?product=ziemas-kviesi-edvins-c2-kategorija#breadcrumb","itemListElement":[{"@type":"ListItem","position":1,"name":"Home","item":"https:\/\/bioseklas.lv\/"},{"@type":"ListItem","position":2,"name":"Produkti","item":"https:\/\/bioseklas.lv\/?post_type=product"},{"@type":"ListItem","position":3,"name":"Ziemas kvie\u0161i Edv\u012bns C2 kategorija"}]},{"@type":"WebSite","@id":"https:\/\/bioseklas.lv\/#website","url":"https:\/\/bioseklas.lv\/","name":"","description":"","potentialAction":[{"@type":"SearchAction","target":{"@type":"EntryPoint","urlTemplate":"https:\/\/bioseklas.lv\/?s={search_term_string}"},"query-input":{"@type":"PropertyValueSpecification","valueRequired":true,"valueName":"search_term_string"}}],"inLanguage":"lv-LV"}]}},"jetpack_sharing_enabled":true,"_links":{"self":[{"href":"https:\/\/bioseklas.lv\/index.php?rest_route=\/wp\/v2\/product\/593","targetHints":{"allow":["GET"]}}],"collection":[{"href":"https:\/\/bioseklas.lv\/index.php?rest_route=\/wp\/v2\/product"}],"about":[{"href":"https:\/\/bioseklas.lv\/index.php?rest_route=\/wp\/v2\/types\/product"}],"replies":[{"embeddable":true,"href":"https:\/\/bioseklas.lv\/index.php?rest_route=%2Fwp%2Fv2%2Fcomments&post=593"}],"wp:featuredmedia":[{"embeddable":true,"href":"https:\/\/bioseklas.lv\/index.php?rest_route=\/wp\/v2\/media\/586"}],"wp:attachment":[{"href":"https:\/\/bioseklas.lv\/index.php?rest_route=%2Fwp%2Fv2%2Fmedia&parent=593"}],"wp:term":[{"taxonomy":"product_brand","embeddable":true,"href":"https:\/\/bioseklas.lv\/index.php?rest_route=%2Fwp%2Fv2%2Fproduct_brand&post=593"},{"taxonomy":"product_cat","embeddable":true,"href":"https:\/\/bioseklas.lv\/index.php?rest_route=%2Fwp%2Fv2%2Fproduct_cat&post=593"},{"taxonomy":"product_tag","embeddable":true,"href":"https:\/\/bioseklas.lv\/index.php?rest_route=%2Fwp%2Fv2%2Fproduct_tag&post=593"}],"curies":[{"name":"wp","href":"https:\/\/api.w.org\/{rel}","templated":true}]}}