{"id":363,"date":"2021-02-03T15:59:09","date_gmt":"2021-02-03T15:59:09","guid":{"rendered":"http:\/\/bioseklas.lv\/?product=import-placeholder-for-398"},"modified":"2023-12-02T13:33:31","modified_gmt":"2023-12-02T11:33:31","slug":"dazadziedu-medus","status":"publish","type":"product","link":"https:\/\/bioseklas.lv\/?product=dazadziedu-medus","title":{"rendered":"Da\u017e\u0101dziedu medus"},"content":{"rendered":"<p>Da\u017e\u0101dziedu medus<\/p>\n","protected":false},"excerpt":{"rendered":"<p>cena par kg + PVN<\/p>\n","protected":false},"featured_media":583,"comment_status":"open","ping_status":"closed","template":"","meta":{"_monsterinsights_skip_tracking":false,"_monsterinsights_sitenote_active":false,"_monsterinsights_sitenote_note":"","_monsterinsights_sitenote_category":0},"product_brand":[],"product_cat":[41],"product_tag":[],"class_list":{"0":"post-363","1":"product","2":"type-product","3":"status-publish","4":"has-post-thumbnail","6":"product_cat-medus","8":"first","9":"instock","10":"taxable","11":"shipping-taxable","12":"purchasable","13":"product-type-simple"},"yoast_head":"<!-- This site is optimized with the Yoast SEO plugin v27.3 - https:\/\/yoast.com\/product\/yoast-seo-wordpress\/ -->\n<title>Da\u017e\u0101dziedu medus -<\/title>\n<meta name=\"robots\" content=\"index, follow, max-snippet:-1, max-image-preview:large, max-video-preview:-1\" \/>\n<link rel=\"canonical\" href=\"https:\/\/bioseklas.lv\/?product=dazadziedu-medus\" \/>\n<meta property=\"og:locale\" content=\"lv_LV\" \/>\n<meta property=\"og:type\" content=\"article\" \/>\n<meta property=\"og:title\" content=\"Da\u017e\u0101dziedu medus -\" \/>\n<meta property=\"og:description\" content=\"cena par kg + PVN\" \/>\n<meta property=\"og:url\" content=\"https:\/\/bioseklas.lv\/?product=dazadziedu-medus\" \/>\n<meta property=\"article:modified_time\" content=\"2023-12-02T11:33:31+00:00\" \/>\n<meta property=\"og:image\" content=\"http:\/\/bioseklas.lv\/wp-content\/uploads\/2023\/12\/medus.jpg\" \/>\n\t<meta property=\"og:image:width\" content=\"1599\" \/>\n\t<meta property=\"og:image:height\" content=\"1200\" \/>\n\t<meta property=\"og:image:type\" content=\"image\/jpeg\" \/>\n<meta name=\"twitter:card\" content=\"summary_large_image\" \/>\n<script type=\"application\/ld+json\" class=\"yoast-schema-graph\">{\"@context\":\"https:\\\/\\\/schema.org\",\"@graph\":[{\"@type\":\"WebPage\",\"@id\":\"https:\\\/\\\/bioseklas.lv\\\/?product=dazadziedu-medus\",\"url\":\"https:\\\/\\\/bioseklas.lv\\\/?product=dazadziedu-medus\",\"name\":\"Da\u017e\u0101dziedu medus -\",\"isPartOf\":{\"@id\":\"https:\\\/\\\/bioseklas.lv\\\/#website\"},\"primaryImageOfPage\":{\"@id\":\"https:\\\/\\\/bioseklas.lv\\\/?product=dazadziedu-medus#primaryimage\"},\"image\":{\"@id\":\"https:\\\/\\\/bioseklas.lv\\\/?product=dazadziedu-medus#primaryimage\"},\"thumbnailUrl\":\"https:\\\/\\\/bioseklas.lv\\\/wp-content\\\/uploads\\\/2023\\\/12\\\/medus.jpg\",\"datePublished\":\"2021-02-03T15:59:09+00:00\",\"dateModified\":\"2023-12-02T11:33:31+00:00\",\"breadcrumb\":{\"@id\":\"https:\\\/\\\/bioseklas.lv\\\/?product=dazadziedu-medus#breadcrumb\"},\"inLanguage\":\"lv-LV\",\"potentialAction\":[{\"@type\":\"ReadAction\",\"target\":[\"https:\\\/\\\/bioseklas.lv\\\/?product=dazadziedu-medus\"]}]},{\"@type\":\"ImageObject\",\"inLanguage\":\"lv-LV\",\"@id\":\"https:\\\/\\\/bioseklas.lv\\\/?product=dazadziedu-medus#primaryimage\",\"url\":\"https:\\\/\\\/bioseklas.lv\\\/wp-content\\\/uploads\\\/2023\\\/12\\\/medus.jpg\",\"contentUrl\":\"https:\\\/\\\/bioseklas.lv\\\/wp-content\\\/uploads\\\/2023\\\/12\\\/medus.jpg\",\"width\":1599,\"height\":1200},{\"@type\":\"BreadcrumbList\",\"@id\":\"https:\\\/\\\/bioseklas.lv\\\/?product=dazadziedu-medus#breadcrumb\",\"itemListElement\":[{\"@type\":\"ListItem\",\"position\":1,\"name\":\"Home\",\"item\":\"https:\\\/\\\/bioseklas.lv\\\/\"},{\"@type\":\"ListItem\",\"position\":2,\"name\":\"Produkti\",\"item\":\"https:\\\/\\\/bioseklas.lv\\\/?post_type=product\"},{\"@type\":\"ListItem\",\"position\":3,\"name\":\"Da\u017e\u0101dziedu medus\"}]},{\"@type\":\"WebSite\",\"@id\":\"https:\\\/\\\/bioseklas.lv\\\/#website\",\"url\":\"https:\\\/\\\/bioseklas.lv\\\/\",\"name\":\"\",\"description\":\"\",\"potentialAction\":[{\"@type\":\"SearchAction\",\"target\":{\"@type\":\"EntryPoint\",\"urlTemplate\":\"https:\\\/\\\/bioseklas.lv\\\/?s={search_term_string}\"},\"query-input\":{\"@type\":\"PropertyValueSpecification\",\"valueRequired\":true,\"valueName\":\"search_term_string\"}}],\"inLanguage\":\"lv-LV\"}]}<\/script>\n<!-- \/ Yoast SEO plugin. -->","yoast_head_json":{"title":"Da\u017e\u0101dziedu medus -","robots":{"index":"index","follow":"follow","max-snippet":"max-snippet:-1","max-image-preview":"max-image-preview:large","max-video-preview":"max-video-preview:-1"},"canonical":"https:\/\/bioseklas.lv\/?product=dazadziedu-medus","og_locale":"lv_LV","og_type":"article","og_title":"Da\u017e\u0101dziedu medus -","og_description":"cena par kg + PVN","og_url":"https:\/\/bioseklas.lv\/?product=dazadziedu-medus","article_modified_time":"2023-12-02T11:33:31+00:00","og_image":[{"width":1599,"height":1200,"url":"http:\/\/bioseklas.lv\/wp-content\/uploads\/2023\/12\/medus.jpg","type":"image\/jpeg"}],"twitter_card":"summary_large_image","schema":{"@context":"https:\/\/schema.org","@graph":[{"@type":"WebPage","@id":"https:\/\/bioseklas.lv\/?product=dazadziedu-medus","url":"https:\/\/bioseklas.lv\/?product=dazadziedu-medus","name":"Da\u017e\u0101dziedu medus -","isPartOf":{"@id":"https:\/\/bioseklas.lv\/#website"},"primaryImageOfPage":{"@id":"https:\/\/bioseklas.lv\/?product=dazadziedu-medus#primaryimage"},"image":{"@id":"https:\/\/bioseklas.lv\/?product=dazadziedu-medus#primaryimage"},"thumbnailUrl":"https:\/\/bioseklas.lv\/wp-content\/uploads\/2023\/12\/medus.jpg","datePublished":"2021-02-03T15:59:09+00:00","dateModified":"2023-12-02T11:33:31+00:00","breadcrumb":{"@id":"https:\/\/bioseklas.lv\/?product=dazadziedu-medus#breadcrumb"},"inLanguage":"lv-LV","potentialAction":[{"@type":"ReadAction","target":["https:\/\/bioseklas.lv\/?product=dazadziedu-medus"]}]},{"@type":"ImageObject","inLanguage":"lv-LV","@id":"https:\/\/bioseklas.lv\/?product=dazadziedu-medus#primaryimage","url":"https:\/\/bioseklas.lv\/wp-content\/uploads\/2023\/12\/medus.jpg","contentUrl":"https:\/\/bioseklas.lv\/wp-content\/uploads\/2023\/12\/medus.jpg","width":1599,"height":1200},{"@type":"BreadcrumbList","@id":"https:\/\/bioseklas.lv\/?product=dazadziedu-medus#breadcrumb","itemListElement":[{"@type":"ListItem","position":1,"name":"Home","item":"https:\/\/bioseklas.lv\/"},{"@type":"ListItem","position":2,"name":"Produkti","item":"https:\/\/bioseklas.lv\/?post_type=product"},{"@type":"ListItem","position":3,"name":"Da\u017e\u0101dziedu medus"}]},{"@type":"WebSite","@id":"https:\/\/bioseklas.lv\/#website","url":"https:\/\/bioseklas.lv\/","name":"","description":"","potentialAction":[{"@type":"SearchAction","target":{"@type":"EntryPoint","urlTemplate":"https:\/\/bioseklas.lv\/?s={search_term_string}"},"query-input":{"@type":"PropertyValueSpecification","valueRequired":true,"valueName":"search_term_string"}}],"inLanguage":"lv-LV"}]}},"jetpack_sharing_enabled":true,"_links":{"self":[{"href":"https:\/\/bioseklas.lv\/index.php?rest_route=\/wp\/v2\/product\/363","targetHints":{"allow":["GET"]}}],"collection":[{"href":"https:\/\/bioseklas.lv\/index.php?rest_route=\/wp\/v2\/product"}],"about":[{"href":"https:\/\/bioseklas.lv\/index.php?rest_route=\/wp\/v2\/types\/product"}],"replies":[{"embeddable":true,"href":"https:\/\/bioseklas.lv\/index.php?rest_route=%2Fwp%2Fv2%2Fcomments&post=363"}],"wp:featuredmedia":[{"embeddable":true,"href":"https:\/\/bioseklas.lv\/index.php?rest_route=\/wp\/v2\/media\/583"}],"wp:attachment":[{"href":"https:\/\/bioseklas.lv\/index.php?rest_route=%2Fwp%2Fv2%2Fmedia&parent=363"}],"wp:term":[{"taxonomy":"product_brand","embeddable":true,"href":"https:\/\/bioseklas.lv\/index.php?rest_route=%2Fwp%2Fv2%2Fproduct_brand&post=363"},{"taxonomy":"product_cat","embeddable":true,"href":"https:\/\/bioseklas.lv\/index.php?rest_route=%2Fwp%2Fv2%2Fproduct_cat&post=363"},{"taxonomy":"product_tag","embeddable":true,"href":"https:\/\/bioseklas.lv\/index.php?rest_route=%2Fwp%2Fv2%2Fproduct_tag&post=363"}],"curies":[{"name":"wp","href":"https:\/\/api.w.org\/{rel}","templated":true}]}}