{"id":362,"date":"2021-02-03T15:59:09","date_gmt":"2021-02-03T13:59:09","guid":{"rendered":"http:\/\/bioseklas.lv\/?product=import-placeholder-for-397"},"modified":"2023-12-02T13:33:16","modified_gmt":"2023-12-02T11:33:16","slug":"griki","status":"publish","type":"product","link":"https:\/\/bioseklas.lv\/?product=griki","title":{"rendered":"Gri\u0137u s\u0113kla B kategorija"},"content":{"rendered":"<p>Gri\u0137i\u00a0<i>(Fagopyrum esculentum)<\/i>\u00a0ir viegad\u012bgs s\u016bre\u0146u dzimtas augs. Vair\u0101k paz\u012bstams k\u0101 m\u0113ren\u0101s klimata joslas putraimaugs, bet\u00a0to lieliski var izmantot k\u0101 za\u013cm\u0113slojuma augu un nekt\u0101raugu.\u00a0Gri\u0137u salmi satur daudz k\u0101lija. Gri\u0137u saknes izdala da\u017e\u0101das sk\u0101bes, kas veicina cit\u0101m sug\u0101m gr\u016bti izmantojamo augsnes bar\u012bbas elementu savienojumu \u0161\u0137\u012bdin\u0101\u0161anu.<\/p>\n<p>Gri\u0137i j\u0101s\u0113j v\u0113lu \u2013 maija otraj\u0101 pus\u0113, kad vairs nav gaid\u0101mas nakts salnas. P\u0113c sad\u012bg\u0161anas gri\u0137i aug l\u0113ni, zied\u0113\u0161ana ilgst 35 \u2013 45 dienas.<\/p>\n<p>Gri\u0137i ir ieciet\u012bgi pret augsnes sk\u0101bumu, un augs viegli sk\u0101b\u0101s augsn\u0113s (ph 5,0 \u2013 6,0).<\/p>\n<p><b>Izs\u0113jas norma: 70 &#8211; 90 kg\/ha<\/b><\/p>\n","protected":false},"excerpt":{"rendered":"<p>Cena par tonnu<\/p>\n","protected":false},"featured_media":585,"comment_status":"open","ping_status":"closed","template":"","meta":{"_monsterinsights_skip_tracking":false,"_monsterinsights_sitenote_active":false,"_monsterinsights_sitenote_note":"","_monsterinsights_sitenote_category":0},"product_brand":[],"product_cat":[40],"product_tag":[],"class_list":{"0":"post-362","1":"product","2":"type-product","3":"status-publish","4":"has-post-thumbnail","6":"product_cat-graudi","8":"first","9":"instock","10":"taxable","11":"shipping-taxable","12":"purchasable","13":"product-type-simple"},"yoast_head":"<!-- This site is optimized with the Yoast SEO plugin v27.3 - https:\/\/yoast.com\/product\/yoast-seo-wordpress\/ -->\n<title>Gri\u0137u s\u0113kla B kategorija -<\/title>\n<meta name=\"robots\" content=\"index, follow, max-snippet:-1, max-image-preview:large, max-video-preview:-1\" \/>\n<link rel=\"canonical\" href=\"https:\/\/bioseklas.lv\/?product=griki\" \/>\n<meta property=\"og:locale\" content=\"lv_LV\" \/>\n<meta property=\"og:type\" content=\"article\" \/>\n<meta property=\"og:title\" content=\"Gri\u0137u s\u0113kla B kategorija -\" \/>\n<meta property=\"og:description\" content=\"Cena par tonnu\" \/>\n<meta property=\"og:url\" content=\"https:\/\/bioseklas.lv\/?product=griki\" \/>\n<meta property=\"article:modified_time\" content=\"2023-12-02T11:33:16+00:00\" \/>\n<meta property=\"og:image\" content=\"http:\/\/bioseklas.lv\/wp-content\/uploads\/2023\/12\/griki.jpg\" \/>\n\t<meta property=\"og:image:width\" content=\"1599\" \/>\n\t<meta property=\"og:image:height\" content=\"1200\" \/>\n\t<meta property=\"og:image:type\" content=\"image\/jpeg\" \/>\n<meta name=\"twitter:card\" content=\"summary_large_image\" \/>\n<meta name=\"twitter:label1\" content=\"Est. reading time\" \/>\n\t<meta name=\"twitter:data1\" content=\"1 min\u016bte\" \/>\n<script type=\"application\/ld+json\" class=\"yoast-schema-graph\">{\"@context\":\"https:\\\/\\\/schema.org\",\"@graph\":[{\"@type\":\"WebPage\",\"@id\":\"https:\\\/\\\/bioseklas.lv\\\/?product=griki\",\"url\":\"https:\\\/\\\/bioseklas.lv\\\/?product=griki\",\"name\":\"Gri\u0137u s\u0113kla B kategorija -\",\"isPartOf\":{\"@id\":\"https:\\\/\\\/bioseklas.lv\\\/#website\"},\"primaryImageOfPage\":{\"@id\":\"https:\\\/\\\/bioseklas.lv\\\/?product=griki#primaryimage\"},\"image\":{\"@id\":\"https:\\\/\\\/bioseklas.lv\\\/?product=griki#primaryimage\"},\"thumbnailUrl\":\"https:\\\/\\\/bioseklas.lv\\\/wp-content\\\/uploads\\\/2023\\\/12\\\/griki.jpg\",\"datePublished\":\"2021-02-03T13:59:09+00:00\",\"dateModified\":\"2023-12-02T11:33:16+00:00\",\"breadcrumb\":{\"@id\":\"https:\\\/\\\/bioseklas.lv\\\/?product=griki#breadcrumb\"},\"inLanguage\":\"lv-LV\",\"potentialAction\":[{\"@type\":\"ReadAction\",\"target\":[\"https:\\\/\\\/bioseklas.lv\\\/?product=griki\"]}]},{\"@type\":\"ImageObject\",\"inLanguage\":\"lv-LV\",\"@id\":\"https:\\\/\\\/bioseklas.lv\\\/?product=griki#primaryimage\",\"url\":\"https:\\\/\\\/bioseklas.lv\\\/wp-content\\\/uploads\\\/2023\\\/12\\\/griki.jpg\",\"contentUrl\":\"https:\\\/\\\/bioseklas.lv\\\/wp-content\\\/uploads\\\/2023\\\/12\\\/griki.jpg\",\"width\":1599,\"height\":1200},{\"@type\":\"BreadcrumbList\",\"@id\":\"https:\\\/\\\/bioseklas.lv\\\/?product=griki#breadcrumb\",\"itemListElement\":[{\"@type\":\"ListItem\",\"position\":1,\"name\":\"Home\",\"item\":\"https:\\\/\\\/bioseklas.lv\\\/\"},{\"@type\":\"ListItem\",\"position\":2,\"name\":\"Produkti\",\"item\":\"https:\\\/\\\/bioseklas.lv\\\/?post_type=product\"},{\"@type\":\"ListItem\",\"position\":3,\"name\":\"Gri\u0137u s\u0113kla B kategorija\"}]},{\"@type\":\"WebSite\",\"@id\":\"https:\\\/\\\/bioseklas.lv\\\/#website\",\"url\":\"https:\\\/\\\/bioseklas.lv\\\/\",\"name\":\"\",\"description\":\"\",\"potentialAction\":[{\"@type\":\"SearchAction\",\"target\":{\"@type\":\"EntryPoint\",\"urlTemplate\":\"https:\\\/\\\/bioseklas.lv\\\/?s={search_term_string}\"},\"query-input\":{\"@type\":\"PropertyValueSpecification\",\"valueRequired\":true,\"valueName\":\"search_term_string\"}}],\"inLanguage\":\"lv-LV\"}]}<\/script>\n<!-- \/ Yoast SEO plugin. -->","yoast_head_json":{"title":"Gri\u0137u s\u0113kla B kategorija -","robots":{"index":"index","follow":"follow","max-snippet":"max-snippet:-1","max-image-preview":"max-image-preview:large","max-video-preview":"max-video-preview:-1"},"canonical":"https:\/\/bioseklas.lv\/?product=griki","og_locale":"lv_LV","og_type":"article","og_title":"Gri\u0137u s\u0113kla B kategorija -","og_description":"Cena par tonnu","og_url":"https:\/\/bioseklas.lv\/?product=griki","article_modified_time":"2023-12-02T11:33:16+00:00","og_image":[{"width":1599,"height":1200,"url":"http:\/\/bioseklas.lv\/wp-content\/uploads\/2023\/12\/griki.jpg","type":"image\/jpeg"}],"twitter_card":"summary_large_image","twitter_misc":{"Est. reading time":"1 min\u016bte"},"schema":{"@context":"https:\/\/schema.org","@graph":[{"@type":"WebPage","@id":"https:\/\/bioseklas.lv\/?product=griki","url":"https:\/\/bioseklas.lv\/?product=griki","name":"Gri\u0137u s\u0113kla B kategorija -","isPartOf":{"@id":"https:\/\/bioseklas.lv\/#website"},"primaryImageOfPage":{"@id":"https:\/\/bioseklas.lv\/?product=griki#primaryimage"},"image":{"@id":"https:\/\/bioseklas.lv\/?product=griki#primaryimage"},"thumbnailUrl":"https:\/\/bioseklas.lv\/wp-content\/uploads\/2023\/12\/griki.jpg","datePublished":"2021-02-03T13:59:09+00:00","dateModified":"2023-12-02T11:33:16+00:00","breadcrumb":{"@id":"https:\/\/bioseklas.lv\/?product=griki#breadcrumb"},"inLanguage":"lv-LV","potentialAction":[{"@type":"ReadAction","target":["https:\/\/bioseklas.lv\/?product=griki"]}]},{"@type":"ImageObject","inLanguage":"lv-LV","@id":"https:\/\/bioseklas.lv\/?product=griki#primaryimage","url":"https:\/\/bioseklas.lv\/wp-content\/uploads\/2023\/12\/griki.jpg","contentUrl":"https:\/\/bioseklas.lv\/wp-content\/uploads\/2023\/12\/griki.jpg","width":1599,"height":1200},{"@type":"BreadcrumbList","@id":"https:\/\/bioseklas.lv\/?product=griki#breadcrumb","itemListElement":[{"@type":"ListItem","position":1,"name":"Home","item":"https:\/\/bioseklas.lv\/"},{"@type":"ListItem","position":2,"name":"Produkti","item":"https:\/\/bioseklas.lv\/?post_type=product"},{"@type":"ListItem","position":3,"name":"Gri\u0137u s\u0113kla B kategorija"}]},{"@type":"WebSite","@id":"https:\/\/bioseklas.lv\/#website","url":"https:\/\/bioseklas.lv\/","name":"","description":"","potentialAction":[{"@type":"SearchAction","target":{"@type":"EntryPoint","urlTemplate":"https:\/\/bioseklas.lv\/?s={search_term_string}"},"query-input":{"@type":"PropertyValueSpecification","valueRequired":true,"valueName":"search_term_string"}}],"inLanguage":"lv-LV"}]}},"jetpack_sharing_enabled":true,"_links":{"self":[{"href":"https:\/\/bioseklas.lv\/index.php?rest_route=\/wp\/v2\/product\/362","targetHints":{"allow":["GET"]}}],"collection":[{"href":"https:\/\/bioseklas.lv\/index.php?rest_route=\/wp\/v2\/product"}],"about":[{"href":"https:\/\/bioseklas.lv\/index.php?rest_route=\/wp\/v2\/types\/product"}],"replies":[{"embeddable":true,"href":"https:\/\/bioseklas.lv\/index.php?rest_route=%2Fwp%2Fv2%2Fcomments&post=362"}],"wp:featuredmedia":[{"embeddable":true,"href":"https:\/\/bioseklas.lv\/index.php?rest_route=\/wp\/v2\/media\/585"}],"wp:attachment":[{"href":"https:\/\/bioseklas.lv\/index.php?rest_route=%2Fwp%2Fv2%2Fmedia&parent=362"}],"wp:term":[{"taxonomy":"product_brand","embeddable":true,"href":"https:\/\/bioseklas.lv\/index.php?rest_route=%2Fwp%2Fv2%2Fproduct_brand&post=362"},{"taxonomy":"product_cat","embeddable":true,"href":"https:\/\/bioseklas.lv\/index.php?rest_route=%2Fwp%2Fv2%2Fproduct_cat&post=362"},{"taxonomy":"product_tag","embeddable":true,"href":"https:\/\/bioseklas.lv\/index.php?rest_route=%2Fwp%2Fv2%2Fproduct_tag&post=362"}],"curies":[{"name":"wp","href":"https:\/\/api.w.org\/{rel}","templated":true}]}}